2323. What is x(-14)?
15
Let d(u) = 172*u + 4475. Give d(-26).
3
Let j(m) = -3086*m - 21644. Calculate j(-7).
-42
Let f(a) = -14849*a - 29699. What is f(-2)?
-1
Let l(u) = 49*u - 1395. Calculate l(24).
-219
Let o(t) = 13*t**3 + 715*t**2 - t - 27. What is o(-55)?
28
Let w(n) = -2051*n + 180500. What is w(88)?
12
Let u(v) = -2169*v + 2094. Calculate u(1).
-75
Let j(o) = 4*o**2 - 73*o - 2. Calculate j(19).
55
Let g(n) = -12*n + 335. Calculate g(29).
-13
Let h(y) = y**2 - 6*y - 1584. Determine h(41).
-149
Let r(l) = -l**3 - 11*l**2 + 64*l + 49. What is r(-15)?
-11
Let h(a) = -a**2 - 27*a + 160. What is h(-16)?
336
Let q(f) = -f**3 - 29*f**2 - 162*f - 172. Give q(-22).
4
Let t(l) = -2*l**2 + 116*l + 3017. What is t(-21)?
-301
Let j(q) = q**3 - 132*q**2 + 202*q - 9300. What is j(131)?
1
Let n(w) = 4*w**3 + 16*w**2 - 16*w - 7. Calculate n(-5).
-27
Let x(s) = s**2 + 17*s + 21. Determine x(-14).
-21
Let y(m) = 3*m**2 + 656*m - 3350. Give y(5).
5
Let f(m) = m**3 - 29*m**2 + 61*m - 180. Give f(26).
-622
Let d(f) = 272*f - 91. Calculate d(1).
181
Let x(p) = -156*p + 3215. Give x(21).
-61
Let g(o) = o**3 - 111*o**2 + 1016*o - 56. Determine g(10).
4
Let u(m) = -13*m**2 - 102*m + 138. Give u(-9).
3
Let q(h) = -432*h - 6886. Calculate q(-16).
26
Let l(z) = -z**2 - 63*z - 389. What is l(-6)?
-47
Let h(j) = 3227*j + 22634. What is h(-7)?
45
Let s(q) = 30*q + 830. Calculate s(-26).
50
Let f(b) = -5*b**3 + 70*b**2 + 16*b - 29. Calculate f(14).
195
Let b(j) = -j**2 - 14*j + 3780. Give b(55).
-15
Let g(r) = -2*r**2 + 31*r - 164. What is g(15)?
-149
Let o(f) = f**2 + 13*f + 22. What is o(-13)?
22
Let t(g) = -143*g - 435. Give t(-3).
-6
Let d(q) = -q**3 - 69*q**2 + 211*q - 370. What is d(-72)?
-10
Let d(f) = -f + 10. Calculate d(-40).
50
Let x(n) = -925*n - 13033. Give x(-14).
-83
Let y(u) = 17*u**2 + 226*u + 5. Calculate y(-13).
-60
Let w(r) = -2*r**3 - 92*r**2 - 177*r - 85. What is w(-44)?
-41
Let q(i) = i**3 + 9*i**2 - 21*i - 232. What is q(-6)?
2
Let h(t) = 138*t - 1108. Give h(8).
-4
Let i(w) = w**3 + 18*w**2 + 33*w - 86. What is i(-15)?
94
Let u(y) = y**3 + 17*y**2 + 10*y + 138. Determine u(-17).
-32
Let g(k) = k**3 + 10*k**2 - 32*k - 23. Determine g(-12).
73
Let o(m) = m**2 + 26*m + 94. Give o(-22).
6
Let d(i) = 1219*i + 7315. What is d(-6)?
1
Let d(y) = 15*y - 118. What is d(29)?
317
Let f(d) = -d**2 - 68*d - 545. Give f(-18).
355
Let x(j) = -10*j**2 + 217*j + 59. Give x(22).
-7
Let f(t) = -6*t**2 + 2*t + 43. Determine f(-5).
-117
Let l(x) = -105*x**3 + 46*x**2 + 48*x + 2. Determine l(-1).
105
Let n(s) = -264*s - 7677. What is n(-29)?
-21
Let j(k) = k**2 + 14*k - 997. Calculate j(-39).
-22
Let r(x) = x**2 - 29*x - 29. Give r(32).
67
Let h(n) = -88*n - 48. Give h(-3).
216
Let s(o) = -o**3 + 2*o**2 + 28*o - 31. Determine s(-5).
4
Let k(d) = d**2 - 16*d - 23. Determine k(23).
138
Let k(c) = 14*c**2 + 38*c - 25. Give k(3).
215
Let w(r) = r**3 - 8*r**2 - 43*r + 314. Determine w(6).
-16
Let m(b) = -67*b**2 - 1211*b - 86. Calculate m(-18).
4
Let z(f) = f**3 + f**2 + 30*f + 53. Give z(-2).
-11
Let n(v) = 3*v**2 - 11*v - 34. Calculate n(-7).
190
Let s(x) = 22*x**3 + 42*x**2 + 16*x + 2. Calculate s(-2).
-38
Let y(q) = -q**3 + 8*q**2 - 20*q + 40. Give y(6).
-8
Let v(g) = -g**2 + 66*g - 450. Give v(58).
14
Let l(m) = -50*m - 104. Give l(0).
-104
Let j(f) = f**3 + 11*f**2 + 7*f + 108. Determine j(-10).
138
Let k(m) = -m**2 + 4*m - 68. Give k(-7).
-145
Let d(r) = 2*r**2 - 224*r + 2376. Calculate d(12).
-24
Let z(d) = 2*d**3 + 11*d**2 - 6*d + 5. Calculate z(-8).
-267
Let u(i) = -8*i**2 - 623*i + 700. What is u(-79)?
-11
Let l(y) = -3*y**3 + 12*y**2 + 10*y + 170. Give l(6).
14
Let d(m) = -1508*m - 7505. Give d(-5).
35
Let s(f) = 45*f + 1225. Calculate s(-27).
10
Let d(w) = 6*w**3 - 10*w**2 + 13*w - 6. Calculate d(4).
270
Let m(l) = 2*l**2 + 123*l + 821. Calculate m(-54).
11
Let d(i) = -67*i + 571. What is d(8)?
35
Let i(p) = -134*p**2 + 118*p - 2. Give i(1).
-18
Let i(t) = -17*t - 141. Determine i(0).
-141
Let i(z) = 4*z**3 - 141*z**2 + 164*z + 198. Calculate i(34).
-6
Let i(m) = 103*m - 529. What is i(5)?
-14
Let a(z) = 8*z + 4. What is a(-13)?
-100
Let y(j) = -8*j**2 + 83*j - 25. Calculate y(12).
-181
Let r(t) = -3*t**2 - 52*t + 4247. Calculate r(30).
-13
Let y(d) = -d**3 + 2*d**2 - 5*d + 26. Give y(3).
2
Let m(c) = -c**3 - 5*c**2 + 248*c + 1640. Give m(-7).
2
Let w(m) = -234*m - 158. Give w(-1).
76
Let g(z) = -2*z**3 + 18*z**2 + 30*z - 110. Determine g(10).
-10
Let p(h) = -104*h - 1710. Give p(-14).
-254
Let w(u) = 20*u**2 + 844*u - 49. Calculate w(-42).
-217
Let l(n) = -50*n + 7845. Calculate l(157).
-5
Let g(c) = c**3 - 8*c**2 + 58*c - 323. What is g(6)?
-47
Let m(q) = -73*q + 2217. Calculate m(30).
27
Let z(a) = a**3 - 7*a**2 - 11*a - 5. Give z(8).
-29
Let l(g) = -994*g - 3971. Calculate l(-4).
5
Let a(d) = d - 143. Calculate a(-27).
-170
Let f(r) = -r**3 + 42*r**2 + 35*r + 415. Calculate f(43).
71
Let o(l) = -l**3 - 2*l**2 + 81*l + 22. What is o(-10)?
12
Let f(q) = -5*q**2 + 61*q - 250. Determine f(5).
-70
Let i(f) = -61*f - 501. Give i(-8).
-13
Let b(y) = 95*y + 327. Determine b(-13).
-908
Let w(p) = 2*p**3 - 9*p**2 - 4*p + 14. What is w(7)?
231
Let b(v) = -252*v - 2256. Give b(-9).
12
Let q(t) = -4*t**2 + 15*t + 68. Give q(8).
-68
Let u(d) = -d**2 - 3599*d + 10810. Give u(3).
4
Let i(w) = -12*w**3 - 27*w**2 - 26*w. What is i(-1)?
11
Let c(v) = 7*v**2 + 52*v + 76. Give c(-3).
-17
Let d(o) = 2*o**3 + 72*o**2 + 69*o - 109. Determine d(-35).
-74
Let y(w) = w**3 - 2*w**2 - 36*w + 128. Determine y(4).
16
Let a(m) = 3*m**2 + 14*m + 64. Calculate a(-3).
49
Let z(f) = 56*f - 529. Give z(11).
87
Let r(l) = 3*l**2 + 248*l + 64. Give r(0).
64
Let z(o) = 44*o + 243. What is z(-6)?
-21
Let t(a) = -25*a**2 + 202*a + 1. Determine t(7).
190
Let g(j) = j**2 + 55*j + 35. Calculate g(-24).
-709
Let g(v) = -139*v - 8392. Calculate g(-60).
-52
Let d(v) = -70*v - 381. Give d(-8).
179
Let c(j) = -21*j + 307. Calculate c(15).
-8
Let i(r) = 10*r**2 - 4*r + 3. What is i(2)?
35
Let f(n) = -85*n**3 - 4*n**2 + 6*n - 3. Calculate f(1).
-86
Let q(z) = -z**3 + 67*z**2 - 612*z - 187. Determine q(56).
37
Let w(u) = -u**2 + 105*u + 5984. What is w(146)?
-2
Let c(l) = -l**2 - 12*l - 8. Give c(-1).
3
Let i(c) = -4*c**3 + 2*c**2 + 14*c - 25. What is i(2)?
-21
Let l(v) = -251*v**2 - 753*v - 4. What is l(-3)?
-4
Let s(c) = -2*c**3 + 3*c**2 + 2*c + 146. Calculate s(0).
146
Let u(v) = v**2 - 50*v + 645. Determine u(24).
21
Let q(y) = 8*y**3 + y**2 - 57*y + 182. Calculate q(3).
236
Let f(n) = -91*n - 1069. Give f(-12).
23
Let j(o) = -4*o**3 - 60*o**2 + 93. Calculate j(-15).
93
Let t(d) = -10*d**3 + 2*d**2 + d + 4. Give t(-2).
90
Let l(r) = r**2 + 30*r + 83. Determine l(-4).
-21
Let c(x) = 10*x**2 - 104*x - 62. Give c(11).
4
Let t(f) = -2*f**2 + 23*f - 63. Calculate t(14).
-133
Let x(r) = -2*r**3 - 15*r**2 + 14*r + 51. Calculate x(-8).
3
Let l(x) = -101*x**2 - 96*x + 273. Calculate l(3).
-924
Let a(q) = -q**3 + 12*q**2 + 54*q - 14. Give a(17).
-541
Let n(y) = -30*y - 317. Determine n(-7).
-107
Let k(p) = 1538*p + 10814. Calculate k(-7).
48
Let u(q) = q**3 - 3*q**2 + 6*q - 3. Give u(3).
15
Let h(y) = 2*y**3 - y**2 + y + 180. Give h(0).
180
Let o(m) = -m**3 - 3*m**2 + 137*m - 55. Determine o(10).
15
Let j(l) = -3*l**3 + 110*l**2 + 32*l + 80. What is j(37)?
-105
Let m(z) = -36*z - 22. Give m(6).
-238
Let w(h) = -283*h + 519. What is w(2)?
-47
Let w(s) = -943*s - 28304. What is w(-30)?
-14
Let j(r) = -r**3 + 34*r**2 + 32*r + 106. Give j(35).
1
Let c(n) = n**3 + 5*n**2 + 36. Determine c(-6).
0
Let u(s) = 7*s**3 - 70*s**2 - 11*s + 82. Determine u(10).
-28
Let b(m) = m**3 - 21*m**2 - 188*m + 50. What is b(-7)?
-6
Let o(k) = -2*k**3 - 25*k**2 + 15*k + 327. What is o(-12)?
3
Let n(g) = 45*g - 61. What is n(1)?
-16
Let h(r) = -115*r + 7823. Calculate h(68).
3
Let d(m) = -m**2 + 132*m + 269. Determine d(-2).
1
Let k(h) = -h**3 - 6*h**2 + 18*h - 15. Calculate k(-8).
-31
Let n(v) = 3*v**3 + 68*v**2 - 21*v - 5. What is n(-23)?
-51
Let h(x) = -x**3 - 12*x**2 - 9*x + 153. Give h(-6).
-9
Let t(n) = 9*n**2 + 160*n + 674. Give t(-12).
50
Let x(v) = -v**3 - v**2 - 34*v - 38. Calculate x(0).
-38
Let g(p) = 149*p + 2235. Determine g(-15).
0
Let d(q) = -q**2 - 24*q - 128. Determine d(-15).
7
Let x(i) = 85*i + 89. Determine x(-1